629731 a multiple of 124?
False
Is 4244941 a multiple of 4?
False
Does 196 divide 868898951?
False
Does 21 divide 54656679?
True
Is 637857483 a multiple of 157?
False
Is 1534105769 a multiple of 7?
True
Is 9 a factor of 1361867?
False
Is 21 a factor of 1090522566?
True
Is 1278728496 a multiple of 873?
True
Is 1095 a factor of 1777351?
False
Is 8190955 even?
False
Is 671569245 a multiple of 701?
False
Does 296 divide 26112952?
False
Is 117 a factor of 47513232?
True
Is 6290895 a multiple of 195?
True
Is 223126915 a multiple of 51?
False
Is 90440930 a multiple of 211?
True
Does 293 divide 57201876?
False
Does 186 divide 14283126?
True
Is 15 a factor of 17918130?
True
Does 408 divide 609648288?
True
Is 4958976 a multiple of 128?
True
Does 54 divide 186552018?
True
Is 71 a factor of 39724571?
True
Is 6 a factor of 23604899?
False
Does 52 divide 11746592?
True
Is 520185193 a multiple of 17?
True
Is 79966278 a multiple of 162?
True
Does 31 divide 861538161?
False
Is 693077200 a multiple of 7960?
True
Is 94110226 a multiple of 362?
True
Is 23884497 a multiple of 117?
True
Is 654 a factor of 34473648?
True
Is 2184 a factor of 318820320?
True
Does 46 divide 117305003?
False
Is 303818886 a multiple of 21?
True
Does 122 divide 25865033?
False
Is 31902878 a multiple of 1035?
False
Is 5 a factor of 1658994?
False
Is 1430873296 a multiple of 800?
False
Is 14868665 a multiple of 595?
False
Does 52 divide 261915825?
False
Is 27 a factor of 21846969?
True
Is 491451755 a multiple of 130?
False
Does 171 divide 499823492?
False
Does 18 divide 641229786?
True
Is 199417387 a multiple of 150?
False
Is 28 a factor of 828405844?
True
Does 3 divide 1419351?
True
Does 65 divide 1291193540?
True
Is 25 a factor of 15131700?
True
Does 28 divide 14358251?
False
Is 1055747232 a multiple of 3728?
True
Is 34 a factor of 372809218?
True
Is 551 a factor of 169927849?
True
Does 3 divide 383771433?
True
Does 543 divide 200990364?
True
Does 551 divide 346339201?
False
Is 56 a factor of 72191784?
True
Does 30 divide 13576674?
False
Does 53 divide 710042166?
True
Is 346 a factor of 27890265?
False
Does 310 divide 61659336?
False
Is 90328141 a multiple of 245?
False
Is 473 a factor of 1313302947?
True
Does 4995 divide 1705987305?
True
Is 11 a factor of 11318340?
True
Is 509187 a multiple of 14?
False
Is 38 a factor of 42715095?
False
Is 15 a factor of 397863878?
False
Is 138 a factor of 94703830?
False
Is 62 a factor of 2394063784?
True
Does 88 divide 1678402968?
True
Is 11930623 a multiple of 36?
False
Does 39 divide 125967582?
True
Is 206 a factor of 72344110?
True
Is 8 a factor of 1171722964?
False
Is 63 a factor of 21263643?
False
Is 572 a factor of 171289465?
False
Is 1630 a factor of 588832109?
False
Is 18 a factor of 27465788?
False
Is 3045 a factor of 1591447935?
True
Is 7990959 a multiple of 387?
False
Is 5226 a factor of 111190205?
False
Is 11926197 a multiple of 122?
False
Does 278 divide 178373820?
False
Is 154 a factor of 404799867?
False
Is 171060132 a multiple of 170?
False
Is 328 a factor of 50799984?
True
Is 74023058 a multiple of 136?
False
Does 53 divide 4010738216?
False
Is 31929722 a multiple of 22?
True
Does 716 divide 201479536?
True
Is 30 a factor of 937525270?
False
Is 417 a factor of 327432153?
True
Does 66 divide 936727024?
False
Is 18143646 a multiple of 186?
False
Does 451 divide 30888539?
True
Does 27 divide 47223540?
True
Does 494 divide 949230940?
False
Is 38851296 a multiple of 176?
True
Is 408321378 a multiple of 738?
True
Is 3130050 a multiple of 271?
True
Does 83 divide 135069635?
True
Is 17370682 a multiple of 10?
False
Is 10 a factor of 31385329?
False
Does 14 divide 93876832?
True
Is 1716059289 a multiple of 332?
False
Does 867 divide 71808408?
True
Is 911978667 a multiple of 2901?
True
Is 14 a factor of 4934220788?
True
Is 59481384 a multiple of 195?
False
Is 4 a factor of 43282048?
True
Is 572889917 a multiple of 550?
False
Does 1665 divide 87529050?
True
Is 75 a factor of 1091875500?
True
Is 3567 a factor of 836209489?
False
Is 8482 a factor of 1201424408?
True
Is 24 a factor of 58439484?
False
Is 2960139 a multiple of 91?
True
Is 78582147 a multiple of 21?
True
Is 11 a factor of 42319706?
True
Is 145180005 a multiple of 89?
False
Does 21 divide 187428615?
False
Is 7426824 a multiple of 501?
True
Is 168346542 a multiple of 19?
False
Is 123383431 a multiple of 16?
False
Does 970 divide 144796205?
False
Does 368 divide 54572928?
True
Is 282454973 a multiple of 773?
True
Is 912 a factor of 937317120?
True
Does 13 divide 5026658?
True
Is 1294 a factor of 317684371?
False
Does 32 divide 2269468707?
False
Is 19660584 a multiple of 514?
False
Does 51 divide 317945577?
True
Is 368 a factor of 186741600?
True
Is 5018715 a multiple of 195?
True
Is 13 a factor of 32490653?
True
Is 61 a factor of 492841503?
False
Does 3897 divide 1383131034?
True
Is 118720715 a multiple of 14?
False
Is 1531 a factor of 25027663?
False
Is 2255117554 a multiple of 22?
False
Is 7261 a factor of 5818897666?
False
Does 621 divide 11867743?
False
Is 848731488 a multiple of 24?
True
Does 25 divide 3826035475?
True
Is 34502082 a multiple of 248?
False
Is 39 a factor of 18815238?
True
Is 291 a factor of 5878200?
True
Does 3818 divide 2454662127?
False
Is 10 a factor of 118088390?
True
Is 99 a factor of 192701817?
True
Is 8475569 a multiple of 667?
True
Is 21471826 a multiple of 505?
False
Does 4156 divide 878998156?
True
Is 24615841 a multiple of 330?
False
Is 65 a factor of 129993695?
True
Is 71094036 a multiple of 124?
True
Is 229 a factor of 1578658768?
False
Is 18063849 a multiple of 4?
False
Is 3363434217 a multiple of 363?
True
Does 290 divide 130203910?
True
Does 1029 divide 14199700?
False
Is 1321 a factor of 170960853?
False
Is 75116862 a multiple of 5157?
True
Is 116 a factor of 232051378?
False
Is 668309620 a multiple of 46?
True
Is 103 a factor of 376897085?
True
Does 166 divide 344912476?
True
Does 506 divide 623895470?
True
Is 81279306 a multiple of 13?
False
Does 541 divide 819906577?
False
Is 2841 a factor of 70874604?
False
Does 230 divide 153341460?
True
Is 14207333 a multiple of 21?
False
Is 66 a factor of 1449393929?
False
Is 93799 a multiple of 90?
False
Is 152101985 a multiple of 2011?
True
Is 14 a factor of 3861396?
True
Does 16 divide 713931484?
False
Does 39 divide 181133511?
True
Is 42 a factor of 696008323?
False
Is 1034 a factor of 213006502?
False
Is 35514822 a multiple of 15?
False
Does 1660 divide 29799890?
False
Is 823 a factor of 826871854?
False
Does 220 divide 255070563?
False
Is 122 a factor of 56605172?
False
Does 151 divide 508547742?
False
Is 2656012 a multiple of 2?
True
Is 72607373 a multiple of 14?
False
Is 1401 a factor of 36396579?
True
Does 22 divide 132268243?
False
Is 79 a factor of 273677488?
True
Does 42 divide 1396890575?
False
Is 139306421 a multiple of 122?
False
Is 143735375 a multiple of 245?
True
Is 2135868 a multiple of 84?
True
Does 170 divide 105440072?
False
Is 233551986 a multiple of 36?
False
Is 74 a factor of 41167019?
False
Is 260 a factor of 190163607?
False
Does 127 divide 72193923?
False
Does 57 divide 81826?
False
Is 87266560 a multiple of 316?
True
Is 1171 a factor of 153173826?
True
Is 85 a factor of 222340535?
True
Is 3198544034 a multiple of 1201?
True
Is 17 a factor of 1159165910?
True
Is 896607790 a multiple of 4618?
True
Does 17 divide 1191911208?
True
Does 4 divide 231408?
True
Is 5628206 a multiple of 272?
False
Does 505 divide 609956646?
False
Does 33 divide 139310372?
False
Is 1454 a factor of 291439405?
False
Is 27126350 a multiple of 89?
False
Does 445 divide 436038590?
True
Does 55 divide 173329530?
True
Is 1816 a factor of 647603760?
True
Is 11012 a factor of 2846315688?
True
Is 65 a factor of 213646485?
True
Is 412 a factor of 2685895568?
True
Is 828512047 a multiple of 13?
False
Is 3507402 a multiple of 47?
False
Does 312 divide 311964432?
True
Is 10567650 a multiple of 113?
False
Does 2460 divide 2031182640?
True
Does 734 divide 21498126?
True
Does 1946 divide 2873140564?
True
Does 933 divide 651702366?
True
Is 61 a factor of 542256145?
True
Is 52 a factor of 541684052?
True
Is 188184564 a multiple of 101?
False
Is 489 a factor of 109224018?
True
Does 34 divide 138367993?
False
Is 325 a facto